{"id":75,"date":"2015-05-23T14:52:12","date_gmt":"2015-05-23T14:52:12","guid":{"rendered":"http:\/\/jelenadogshows.com\/sr\/?page_id=75"},"modified":"2021-03-17T23:09:02","modified_gmt":"2021-03-17T22:09:02","slug":"registracije","status":"publish","type":"page","link":"https:\/\/jelenadogshows.com\/sr\/aktuelno\/registracije-2\/registracije\/","title":{"rendered":"Registracija firmi i delatnosti"},"content":{"rendered":"<p>Ovde se mo\u017eete prijaviti za upis u bazu firmi. Popunite formular ispod, a mi \u0107emo vas kontaktirati sa daljim instrukcijama. Ukoliko imate bilo kakvih pitanja kontaktirajte nas. <span style=\"color: #ff0000;\"><strong>Mo\u017eda vam se fotografije ne\u0107e u\u010ditati, ako stranicu otvarate preko Facebook aplikacije. Da biste ispravili ovo, ukucajte <span style=\"color: #800080;\">www.jelenadogshows.com<\/span> preko Google Chrome, Mozilla Firefox ili nekog drugog pregleda\u010da.<\/strong><\/span><\/p>\n\n<div class=\"wpcf7 no-js\" id=\"wpcf7-f10723-o1\" lang=\"en-US\" dir=\"ltr\" data-wpcf7-id=\"10723\">\n<div class=\"screen-reader-response\"><p role=\"status\" aria-live=\"polite\" aria-atomic=\"true\"><\/p> <ul><\/ul><\/div>\n<form action=\"\/sr\/aktuelno\/wp-json\/wp\/v2\/pages\/75#wpcf7-f10723-o1\" method=\"post\" class=\"wpcf7-form init\" aria-label=\"Contact form\" enctype=\"multipart\/form-data\" novalidate=\"novalidate\" data-status=\"init\">\n<fieldset class=\"hidden-fields-container\"><input type=\"hidden\" name=\"_wpcf7\" value=\"10723\" \/><input type=\"hidden\" name=\"_wpcf7_version\" value=\"6.1.5\" \/><input type=\"hidden\" name=\"_wpcf7_locale\" value=\"en_US\" \/><input type=\"hidden\" name=\"_wpcf7_unit_tag\" value=\"wpcf7-f10723-o1\" \/><input type=\"hidden\" name=\"_wpcf7_container_post\" value=\"0\" \/><input type=\"hidden\" name=\"_wpcf7_posted_data_hash\" value=\"\" \/>\n<\/fieldset>\n<p>Vi ste\n<\/p>\n<p><span class=\"wpcf7-form-control-wrap\" data-name=\"menu-772\"><select class=\"wpcf7-form-control wpcf7-select wpcf7-validates-as-required\" aria-required=\"true\" aria-invalid=\"false\" name=\"menu-772\"><option value=\"\">&#8212;Please choose an option&#8212;<\/option><option value=\"Kinolo\u0161ko dru\u0161tvo\">Kinolo\u0161ko dru\u0161tvo<\/option><option value=\"Kinolo\u0161ki savez\">Kinolo\u0161ki savez<\/option><option value=\"Klub\">Klub<\/option><option value=\"Odgajiva\u010dnica\">Odgajiva\u010dnica<\/option><option value=\"Hotel za pse\/Privatan sme\u0161taj\">Hotel za pse\/Privatan sme\u0161taj<\/option><option value=\"Pet \u0160op\">Pet \u0160op<\/option><option value=\"Salon za \u0161i\u0161anje\">Salon za \u0161i\u0161anje<\/option><option value=\"Transport pasa\">Transport pasa<\/option><option value=\"Veterinarska stanica\">Veterinarska stanica<\/option><option value=\"Obuka pasa\">Obuka pasa<\/option><option value=\"Kozmetika\">Kozmetika<\/option><option value=\"Hrana za pse\">Hrana za pse<\/option><option value=\"Ostalo\">Ostalo<\/option><\/select><\/span>\n<\/p>\n<p>Ime i prezime vlasnika (obavezno)\n<\/p>\n<p><span class=\"wpcf7-form-control-wrap\" data-name=\"your-name\"><input size=\"40\" maxlength=\"400\" class=\"wpcf7-form-control wpcf7-text wpcf7-validates-as-required\" aria-required=\"true\" aria-invalid=\"false\" value=\"\" type=\"text\" name=\"your-name\" \/><\/span>\n<\/p>\n<p>Ime firme (obavezno) <span style=\"color: #ff0000;\">*<\/span> Ako nemate firmu navedite ime i prezime\n<\/p>\n<p><span class=\"wpcf7-form-control-wrap\" data-name=\"firma\"><input size=\"40\" maxlength=\"400\" class=\"wpcf7-form-control wpcf7-text wpcf7-validates-as-required\" aria-required=\"true\" aria-invalid=\"false\" value=\"\" type=\"text\" name=\"firma\" \/><\/span>\n<\/p>\n<p>Dr\u017eava (obavezno)\n<\/p>\n<p><span class=\"wpcf7-form-control-wrap\" data-name=\"drzava\"><input size=\"40\" maxlength=\"400\" class=\"wpcf7-form-control wpcf7-text wpcf7-validates-as-required\" aria-required=\"true\" aria-invalid=\"false\" value=\"\" type=\"text\" name=\"drzava\" \/><\/span>\n<\/p>\n<p>Grad (obavezno)\n<\/p>\n<p><span class=\"wpcf7-form-control-wrap\" data-name=\"grad\"><input size=\"40\" maxlength=\"400\" class=\"wpcf7-form-control wpcf7-text wpcf7-validates-as-required\" aria-required=\"true\" aria-invalid=\"false\" value=\"\" type=\"text\" name=\"grad\" \/><\/span>\n<\/p>\n<p>E po\u0161ta (obavezno)\n<\/p>\n<p><span class=\"wpcf7-form-control-wrap\" data-name=\"your-email\"><input size=\"40\" maxlength=\"400\" class=\"wpcf7-form-control wpcf7-email wpcf7-validates-as-required wpcf7-text wpcf7-validates-as-email\" aria-required=\"true\" aria-invalid=\"false\" value=\"\" type=\"email\" name=\"your-email\" \/><\/span>\n<\/p>\n<p>Veb sajt\n<\/p>\n<p><span class=\"wpcf7-form-control-wrap\" data-name=\"web\"><input size=\"40\" maxlength=\"400\" class=\"wpcf7-form-control wpcf7-text\" aria-invalid=\"false\" value=\"\" type=\"text\" name=\"web\" \/><\/span>\n<\/p>\n<p>Telefon 1\n<\/p>\n<p><span class=\"wpcf7-form-control-wrap\" data-name=\"tel-881\"><input size=\"40\" maxlength=\"400\" class=\"wpcf7-form-control wpcf7-tel wpcf7-text wpcf7-validates-as-tel\" aria-invalid=\"false\" value=\"\" type=\"tel\" name=\"tel-881\" \/><\/span>\n<\/p>\n<p>Telefon 2\n<\/p>\n<p><span class=\"wpcf7-form-control-wrap\" data-name=\"tel-101\"><input size=\"40\" maxlength=\"400\" class=\"wpcf7-form-control wpcf7-tel wpcf7-text wpcf7-validates-as-tel\" aria-invalid=\"false\" value=\"\" type=\"tel\" name=\"tel-101\" \/><\/span>\n<\/p>\n<p>Opis firme\/usluge (obavezno) <span style=\"color: #ff0000;\">*<\/span> Ako ste odgajiva\u010d unesite broj odgajiva\u010dnice i rase pasa\n<\/p>\n<p><span class=\"wpcf7-form-control-wrap\" data-name=\"your-message\"><textarea cols=\"40\" rows=\"10\" maxlength=\"2000\" class=\"wpcf7-form-control wpcf7-textarea wpcf7-validates-as-required\" aria-required=\"true\" aria-invalid=\"false\" name=\"your-message\"><\/textarea><\/span>\n<\/p>\n<p>Fotografije (obavezno)\n<\/p>\n<p><span class=\"wpcf7-form-control-wrap\" data-name=\"fotografija\"><input size=\"40\" class=\"wpcf7-form-control wpcf7-file wpcf7-validates-as-required\" accept=\".jpg,.jpeg,.gif\" aria-required=\"true\" aria-invalid=\"false\" type=\"file\" name=\"fotografija\" \/><\/span><br \/>\n<span class=\"wpcf7-form-control-wrap\" data-name=\"fotografija1\"><input size=\"40\" class=\"wpcf7-form-control wpcf7-file\" accept=\".jpg,.jpeg,.gif\" aria-invalid=\"false\" type=\"file\" name=\"fotografija1\" \/><\/span><br \/>\n<span class=\"wpcf7-form-control-wrap\" data-name=\"fotografija2\"><input size=\"40\" class=\"wpcf7-form-control wpcf7-file\" accept=\".jpg,.jpeg,.gif\" aria-invalid=\"false\" type=\"file\" name=\"fotografija2\" \/><\/span><br \/>\n<span class=\"wpcf7-form-control-wrap\" data-name=\"fotografija3\"><input size=\"40\" class=\"wpcf7-form-control wpcf7-file\" accept=\".jpg,.jpeg,.gif\" aria-invalid=\"false\" type=\"file\" name=\"fotografija3\" \/><\/span><br \/>\n<span class=\"wpcf7-form-control-wrap\" data-name=\"fotografija4\"><input size=\"40\" class=\"wpcf7-form-control wpcf7-file\" accept=\".jpg,.jpeg,.gif\" aria-invalid=\"false\" type=\"file\" name=\"fotografija4\" \/><\/span><br \/>\n<span class=\"wpcf7-form-control-wrap\" data-name=\"fotografija5\"><input size=\"40\" class=\"wpcf7-form-control wpcf7-file\" accept=\".jpg,.jpeg,.gif\" aria-invalid=\"false\" type=\"file\" name=\"fotografija5\" \/><\/span><br \/>\n<span class=\"wpcf7-form-control-wrap\" data-name=\"fotografija6\"><input size=\"40\" class=\"wpcf7-form-control wpcf7-file\" accept=\".jpg,.jpeg,.gif\" aria-invalid=\"false\" type=\"file\" name=\"fotografija6\" \/><\/span><br \/>\n<span class=\"wpcf7-form-control-wrap\" data-name=\"fotografija7\"><input size=\"40\" class=\"wpcf7-form-control wpcf7-file\" accept=\".jpg,.jpeg,.gif\" aria-invalid=\"false\" type=\"file\" name=\"fotografija7\" \/><\/span>\n<\/p>\n<p><input class=\"wpcf7-form-control wpcf7-submit has-spinner\" type=\"submit\" value=\"Po\u0161alji\" \/>\n<\/p><p style=\"display: none !important;\" class=\"akismet-fields-container\" data-prefix=\"_wpcf7_ak_\"><label>&#916;<textarea name=\"_wpcf7_ak_hp_textarea\" cols=\"45\" rows=\"8\" maxlength=\"100\"><\/textarea><\/label><input type=\"hidden\" id=\"ak_js_1\" name=\"_wpcf7_ak_js\" value=\"50\"\/><script>document.getElementById( \"ak_js_1\" ).setAttribute( \"value\", ( new Date() ).getTime() );<\/script><\/p><div class=\"wpcf7-response-output\" aria-hidden=\"true\"><\/div>\n<\/form>\n<\/div>\n\n","protected":false},"excerpt":{"rendered":"<p>Ovde se mo\u017eete prijaviti za upis u bazu firmi. Popunite formular ispod, a mi \u0107emo vas kontaktirati sa daljim instrukcijama. Ukoliko imate bilo kakvih pitanja kontaktirajte nas. Mo\u017eda vam se fotografije ne\u0107e u\u010ditati, ako stranicu otvarate preko Facebook aplikacije. Da biste ispravili ovo, ukucajte www.jelenadogshows.com preko Google Chrome, Mozilla Firefox ili nekog drugog pregleda\u010da.<\/p>\n","protected":false},"author":1,"featured_media":0,"parent":160,"menu_order":0,"comment_status":"open","ping_status":"open","template":"","meta":{"_eb_attr":"","site-sidebar-layout":"default","site-content-layout":"default","ast-site-content-layout":"default","site-content-style":"default","site-sidebar-style":"default","ast-global-header-display":"","ast-banner-title-visibility":"","ast-main-header-display":"","ast-hfb-above-header-display":"","ast-hfb-below-header-display":"","ast-hfb-mobile-header-display":"","site-post-title":"","ast-breadcrumbs-content":"","ast-featured-img":"","footer-sml-layout":"","ast-disable-related-posts":"","theme-transparent-header-meta":"default","adv-header-id-meta":"","stick-header-meta":"","header-above-stick-meta":"","header-main-stick-meta":"","header-below-stick-meta":"","astra-migrate-meta-layouts":"default","ast-page-background-enabled":"default","ast-page-background-meta":{"desktop":{"background-color":"","background-image":"","background-repeat":"repeat","background-position":"center center","background-size":"auto","background-attachment":"scroll","background-type":"","background-media":"","overlay-type":"","overlay-color":"","overlay-opacity":"","overlay-gradient":""},"tablet":{"background-color":"","background-image":"","background-repeat":"repeat","background-position":"center center","background-size":"auto","background-attachment":"scroll","background-type":"","background-media":"","overlay-type":"","overlay-color":"","overlay-opacity":"","overlay-gradient":""},"mobile":{"background-color":"","background-image":"","background-repeat":"repeat","background-position":"center center","background-size":"auto","background-attachment":"scroll","background-type":"","background-media":"","overlay-type":"","overlay-color":"","overlay-opacity":"","overlay-gradient":""}},"ast-content-background-meta":{"desktop":{"background-color":"var(--ast-global-color-5)","background-image":"","background-repeat":"repeat","background-position":"center center","background-size":"auto","background-attachment":"scroll","background-type":"","background-media":"","overlay-type":"","overlay-color":"","overlay-opacity":"","overlay-gradient":""},"tablet":{"background-color":"var(--ast-global-color-5)","background-image":"","background-repeat":"repeat","background-position":"center center","background-size":"auto","background-attachment":"scroll","background-type":"","background-media":"","overlay-type":"","overlay-color":"","overlay-opacity":"","overlay-gradient":""},"mobile":{"background-color":"var(--ast-global-color-5)","background-image":"","background-repeat":"repeat","background-position":"center center","background-size":"auto","background-attachment":"scroll","background-type":"","background-media":"","overlay-type":"","overlay-color":"","overlay-opacity":"","overlay-gradient":""}},"footnotes":""},"class_list":["post-75","page","type-page","status-publish","hentry"],"post_mailing_queue_ids":[],"_links":{"self":[{"href":"https:\/\/jelenadogshows.com\/sr\/aktuelno\/wp-json\/wp\/v2\/pages\/75","targetHints":{"allow":["GET"]}}],"collection":[{"href":"https:\/\/jelenadogshows.com\/sr\/aktuelno\/wp-json\/wp\/v2\/pages"}],"about":[{"href":"https:\/\/jelenadogshows.com\/sr\/aktuelno\/wp-json\/wp\/v2\/types\/page"}],"author":[{"embeddable":true,"href":"https:\/\/jelenadogshows.com\/sr\/aktuelno\/wp-json\/wp\/v2\/users\/1"}],"replies":[{"embeddable":true,"href":"https:\/\/jelenadogshows.com\/sr\/aktuelno\/wp-json\/wp\/v2\/comments?post=75"}],"version-history":[{"count":10,"href":"https:\/\/jelenadogshows.com\/sr\/aktuelno\/wp-json\/wp\/v2\/pages\/75\/revisions"}],"predecessor-version":[{"id":10964,"href":"https:\/\/jelenadogshows.com\/sr\/aktuelno\/wp-json\/wp\/v2\/pages\/75\/revisions\/10964"}],"up":[{"embeddable":true,"href":"https:\/\/jelenadogshows.com\/sr\/aktuelno\/wp-json\/wp\/v2\/pages\/160"}],"wp:attachment":[{"href":"https:\/\/jelenadogshows.com\/sr\/aktuelno\/wp-json\/wp\/v2\/media?parent=75"}],"curies":[{"name":"wp","href":"https:\/\/api.w.org\/{rel}","templated":true}]}}